 of 3583?
3583
List the prime factors of 463.
463
List the prime factors of 997.
997
List the prime factors of 34934.
2, 17467
List the prime factors of 1458.
2, 3
What are the prime factors of 2216?
2, 277
What are the prime factors of 78595?
5, 11, 1429
What are the prime factors of 11571?
3, 7, 19, 29
List the prime factors of 63996.
2, 3, 5333
What are the prime factors of 900?
2, 3, 5
What are the prime factors of 3198?
2, 3, 13, 41
What are the prime factors of 17525?
5, 701
What are the prime factors of 5363?
31, 173
What are the prime factors of 12980?
2, 5, 11, 59
What are the prime factors of 1502?
2, 751
What are the prime factors of 10468?
2, 2617
List the prime factors of 1296.
2, 3
What are the prime factors of 27356?
2, 7, 977
What are the prime factors of 1693?
1693
What are the prime factors of 22113?
3, 7, 13
What are the prime factors of 229?
229
What are the prime factors of 17214?
2, 3, 19, 151
List the prime factors of 32265.
3, 5, 239
What are the prime factors of 1723?
1723
What are the prime factors of 30885?
3, 5, 29, 71
What are the prime factors of 2854?
2, 1427
What are the prime factors of 14233?
43, 331
What are the prime factors of 59683?
13, 4591
List the prime factors of 20225.
5, 809
What are the prime factors of 1376?
2, 43
List the prime factors of 1218.
2, 3, 7, 29
What are the prime factors of 1238?
2, 619
List the prime factors of 2119.
13, 163
List the prime factors of 17755.
5, 53, 67
What are the prime factors of 1764?
2, 3, 7
List the prime factors of 4714.
2, 2357
What are the prime factors of 8?
2
What are the prime factors of 21601?
21601
List the prime factors of 35380.
2, 5, 29, 61
List the prime factors of 54424.
2, 6803
What are the prime factors of 64497?
3, 21499
List the prime factors of 443.
443
What are the prime factors of 243?
3
What are the prime factors of 101449?
101449
What are the prime factors of 33496?
2, 53, 79
List the prime factors of 955.
5, 191
List the prime factors of 1448.
2, 181
What are the prime factors of 1206?
2, 3, 67
List the prime factors of 29275.
5, 1171
List the prime factors of 3270.
2, 3, 5, 109
What are the prime factors of 43?
43
What are the prime factors of 2551?
2551
List the prime factors of 22387.
61, 367
What are the prime factors of 10447?
31, 337
What are the prime factors of 6511?
17, 383
What are the prime factors of 792?
2, 3, 11
List the prime factors of 12546.
2, 3, 17, 41
List the prime factors of 39643.
29, 1367
List the prime factors of 587.
587
List the prime factors of 5469.
3, 1823
List the prime factors of 79734.
2, 3, 97, 137
What are the prime factors of 6569?
6569
What are the prime factors of 2991?
3, 997
List the prime factors of 84008.
2, 10501
What are the prime factors of 6001?
17, 353
List the prime factors of 102.
2, 3, 17
List the prime factors of 856.
2, 107
What are the prime factors of 738?
2, 3, 41
List the prime factors of 14447.
14447
List the prime factors of 1669.
1669
List the prime factors of 103970.
2, 5, 37, 281
List the prime factors of 1433.
1433
What are the prime factors of 16?
2
List the prime factors of 1918.
2, 7, 137
What are the prime factors of 21322?
2, 7, 1523
List the prime factors of 90110.
2, 5, 9011
List the prime factors of 1557.
3, 173
List the prime factors of 53862.
2, 3, 47, 191
What are the prime factors of 3446?
2, 1723
List the prime factors of 811.
811
List the prime factors of 486.
2, 3
List the prime factors of 4894.
2, 2447
List the prime factors of 929.
929
What are the prime factors of 72857?
41, 1777
What are the prime factors of 7633?
17, 449
What are the prime factors of 5827?
5827
What are the prime factors of 53171?
53171
What are the prime factors of 625?
5
List the prime factors of 471.
3, 157
List the prime factors of 274.
2, 137
What are the prime factors of 1362?
2, 3, 227
List the prime factors of 413.
7, 59
List the prime factors of 1380.
2, 3, 5, 23
What are the prime factors of 4422?
2, 3, 11, 67
What are the prime factors of 146698?
2, 41, 1789
List the prime factors of 43535.
5, 8707
List the prime factors of 1604.
2, 401
List the prime factors of 9963.
3, 41
List the prime factors of 1879.
1879
What are the prime factors of 32800?
2, 5, 41
List the prime factors of 510.
2, 3, 5, 17
What are the prime factors of 10888?
2, 1361
List the prime factors of 8337.
3, 7, 397
List the prime factors of 29056.
2, 227
What are the prime factors of 11538?
2, 3, 641
What are the prime factors of 160?
2, 5
What are the prime factors of 32423?
32423
List the prime factors of 6972.
2, 3, 7, 83
What are the prime factors of 30709?
7, 41, 107
What are the prime factors of 15573?
3, 29, 179
What are the prime factors of 1839?
3, 613
What are the prime factors of 1442?
2, 7, 103
List the prime factors of 2277.
3, 11, 23
What are the prime factors of 2068?
2, 11, 47
What are the prime factors of 100269?
3, 13, 857
List the prime factors of 32727.
3, 10909
List the prime factors of 1890.
2, 3, 5, 7
What are the prime factors of 6166?
2, 3083
List the prime factors of 17223.
3, 5741
List the prime factors of 7414.
2, 11, 337
What are the prime factors of 49?
7
What are the prime factors of 12069?
3, 149
List the prime factors of 34.
2, 17
What are the prime factors of 99645?
3, 5, 7, 13, 73
What are the prime factors of 16610?
2, 5, 11, 151
What are the prime factors of 68012?
2, 7, 347
What are the prime factors of 13893?
3, 11, 421
What are the prime factors of 40098?
2, 3, 41, 163
What are the prime factors of 4908?
2, 3, 409
List the prime factors of 11028.
2, 3, 919
List the prime factors of 89376.
2, 3, 7, 19
List the prime factors of 46440.
2, 3, 5, 43
What are the prime factors of 14931?
3, 7, 79
What are the prime factors of 7533?
3, 31
What are the prime factors of 1269?
3, 47
List the prime factors of 1939.
7, 277
What are the prime factors of 1551?
3, 11, 47
What are the prime factors of 22882?
2, 17, 673
List the prime factors of 50682.
2, 3, 8447
List the prime factors of 707.
7, 101
List the prime factors of 1049.
1049
List the prime factors of 16822.
2, 13, 647
What are the prime factors of 1255?
5, 251
List the prime factors of 1797.
3, 599
List the prime factors of 4967.
4967
What are the prime factors of 9556?
2, 2389
List the prime factors of 57334.
2, 109, 263
What are the prime factors of 49883?
83, 601
What are the prime factors of 2404?
2, 601
What are the prime factors of 309?
3, 103
What are the prime factors of 12079?
47, 257
List the prime factors of 1531.
1531
What are the prime factors of 12982?
2, 6491
What are the prime factors of 26037?
3, 11, 263
What are the prime factors of 131?
131
What are the prime factors of 15074?
2, 7537
What are the prime factors of 194?
2, 97
List the prime factors of 26681.
26681
List the prime factors of 3842.
2, 17, 113
What are the prime factors of 606?
2, 3, 101
What are the prime factors of 5209?
5209
List the prime factors of 4491.
3, 499
What are the prime factors of 30643?
30643
What are the prime factors of 1268?
2, 317
List the prime factors of 2324.
2, 7, 83
List the prime factors of 5283.
3, 587
List the prime factors of 2327.
13, 179
What are the prime factors of 25938?
2, 3, 11, 131
List the prime factors of 239.
239
What are the prime factors of 15459?
3, 5153
What are the prime factors of 56679?
3, 7, 2699
List the prime factors of 2657.
2657
List the prime factors of 13069.
7, 1867
List the prime factors of 15815.
5, 3163
List the prime factors of 5677.
7, 811
List the prime factors of 2486.
2, 11, 113
What are the prime factors of 19534?
2, 9767
What are the prime factors of 12665?
5, 17, 149
List the prime factors of 47430.
2, 3, 5, 17, 31
List the prime factors of 6986.
2, 7, 499
What are the prime factors of 13408?
2, 419
List the prime factors of 84783.
3, 59, 479
List the prime factors of 8503.
11, 773
What are the prime factors of 27628?
2, 6907
List the prime factors of 60990.
2, 3, 5, 19, 107
List the prime factors of 3775.
5, 151
List the prime factors of 179294.
2, 157, 571
What are the prime factors of 104386?
2, 19, 41, 67
What are the prime factors of 293?
293
List the prime factors of 192.
2, 3
List the prime factors of 3891.
3, 1297
List the prime factors of 17342.
2, 13, 23, 29
List the prime 